.
-15
What is the value of 4 + 84 - (-22 - -23 - (-5 + -4 + -3))?
75
-5 + (3 - ((-2 - (-13 - -2)) + -21))
10
What is 36 + -25 + (1 + -11 - (16 - 24))?
9
Calculate 20 - ((-56 - -125) + -2).
-47
What is the value of (-4 + -8 - (16 - (15 - -10))) + 3?
0
Evaluate -1 + 1 + (9 - (4 - 1)) + (424 - 437).
-7
-64 + -3 + 5 - (-10 - 24 - -21)
-49
(25 - -83) + (-19 - (-2 + -7) - 3)
95
-11 + (35 + 9 - 20) + -13
0
(-34 - 3) + (121 - (68 + -53))
69
What is (-1198 - -1197 - (75 - -1)) + 10?
-67
What is (-51 - -35 - -5) + 122 + -21?
90
What is the value of 0 + (95 + -79 - (-102 + 1)) + -8?
109
Evaluate -4 + (-49 - (-7 - -29 - 43)).
-32
-6 + 5 + 11 + 3
13
What is (-60 - (47 + -55)) + 86?
34
Evaluate (3 + -2 - 12) + -77 + 47 + -22.
-63
What is (32 - 10 - 47) + 3 + 57 - 2?
33
Evaluate -26605 - -26512 - (13 - 0).
-106
Calculate 2040 + -2009 + 24 + 1.
56
Evaluate -15 + -6 + 14 - (-2 + (-2 - 52)).
49
49 - 61 - (1 - 19) - -45
51
-2 - (9 + (0 - 7)) - (-100 - -85)
11
What is the value of 527 - 566 - (4 - 15)?
-28
942 - 905 - (34 + 1)
2
Evaluate (-37 - ((-8 - -5) + 6)) + (145 - 142).
-37
What is (9 - 59) + -23 + 32?
-41
Calculate (1 + -5 - 38) + (-1 - -12 - (-119 + 118)).
-30
What is the value of 2 - 15 - (-48 - (-48 + 13 + 35))?
35
What is 117 - -11 - (-990 - -1078)?
40
Evaluate -7 - (19 + -26 + 12 - (-15 - -1)).
-26
Evaluate -32 - ((-3 + 8 - -7) + -6 + 1).
-39
What is the value of -43 + 50 - (6 - (3 - (-6 + 4)))?
6
Calculate -27 + 2 + (-176 - (-46 + -223)).
68
What is -1484 - -1500 - (4 + -125 - -5)?
132
What is the value of -57 + -30 + 2 + -7?
-92
What is the value of (14 - 7) + -1 + -23 + 30?
13
Evaluate 5 + -1 - 2 - (50 - (9 - -11 - 34)).
-62
What is (-37 + 75 - 46) + -1 + -2 + 11?
0
Evaluate 912 + -909 + -112 + (13 - 4) + -5.
-105
What is the value of -43 + (-7 - -88) - 127 - 24?
-113
What is -49 - (-18 + (-9 - (-12 + 11)))?
-23
What is 8 + 77 - (10 + -2 - (17 + -3) - -8)?
83
What is the value of 46 + -8 + -1 + 7 - (-103 - -99)?
48
What is the value of 74 + -9 + -62 + (-22 - (2 - -1))?
-22
What is the value of 66 + 13 + -55 + 30?
54
What is the value of -1 - ((-1 - 10) + (-27 - -33) + -54 + 0)?
58
Evaluate (38 + -23 - 5) + (-3 - -38).
45
What is (4 - 0) + (-27 - (11 + (17 - (23 + -4))))?
-32
What is (16 + 6 - -6 - (7 - -3)) + -99?
-81
What is -6480 - -6491 - (-2 - 33)?
46
Evaluate -47 + -250 + 227 + -1 + 28.
-43
What is the value of (26 - (-35 + 28)) + -80?
-47
What is 34 + -37 - (9 + 2) - 30?
-44
What is -7 + 2 + -1 + -1 + 0 + -7?
-14
Evaluate -23 - ((4 + 3 + -2 + -2 - 2) + 7).
-31
Calculate 23 + (4 - -4) + -29 + -55.
-53
-6 + (-2 - (-1 + 33))
-40
What is (-68 - (-21 + 6)) + (-1 - 5) + 2?
-57
Calculate -22 + 34 + (504 - 507).
9
Evaluate 0 + -20 - (-163 - (-140 + 57)).
60
Calculate 17 + (-87 - -68 - (2 + -4)) + -37 + -2.
-39
What is the value of -2 + 2 + -31 + -4 + -18 + 12?
-41
What is -2 + -12 + (27 + -4 - 10) + -57?
-58
What is 71 - (-78 - (-2 + -29))?
118
Calculate 21 - (-32 - ((-5 - 110) + -25)).
-87
Evaluate (18 - (73 + -25) - (2 - -8)) + 2 + 6.
-32
What is 12 + (2 - 3) + 60 + -15 + -30?
26
What is the value of -79 - -31 - -10 - 14?
-52
Evaluate 311 + -217 + (8 - -43).
145
Calculate -8 - ((-41 - 10) + 2 + 8 + -10).
43
What is (4 - (43 - (37 + 7))) + (-27 - -1)?
-21
Evaluate 20 + 23 + 0 - (-5 - ((-2 - 0) + 2)).
48
Calculate 12 + -6 + -9 + (-7 - -1 - 7).
-16
Evaluate (4 - 9 - 36 - -37) + -9.
-13
What is 0 + -11 - (-25 + (0 + 111 - 41))?
-56
Evaluate -26 - (-4 + 9) - (-8 - (-4 + -6 + 2)).
-31
What is -12 - 0 - (22 + (-84 - -61))?
-11
What is the value of (5 - 2 - (1 + -9)) + 20 + (5 - 2)?
34
What is -70 + -2 + (99 + -143 - -70)?
-46
Calculate 97 + 1 + (-8516 - -8423).
5
What is -19 + (8 - 8) + 8 + (12 - -34)?
35
What is -24 + (-18 - -1 - (-70 + 25))?
4
What is -8 - (-59 + -14) - (2 + -4 - -10)?
57
What is -25 + 10 + 2 - 2 - (5 - (2 - -7))?
-11
Calculate -97 + 173 + -66 + -24.
-14
-119 + (-56 + 163 - -38)
26
What is -56 + 12 - (-22 + -9) - (-2 + -78)?
67
What is the value of 53 + -33 + -3 - (-2 - 13)?
32
Calculate (-21 - -9) + -1 + (-177 - -169).
-21
Calculate (60 - 97) + -17 + -1 + -6 - (-11 + 10).
-60
What is 12 + 1 + (280 - 267) - 28 - (2 - -73)?
-77
19 + -87 + 79 - (1 - -13)
-3
Evaluate 21 - (-8 + -12 - -42).
-1
What is 4 + (-16 - (-4 + -13)) - (-135 - -5)?
135
Calculate 0 + -15 - (66 - 68 - 2) - -49.
38
What is the value of -54 - (-132 + 58 - -2)?
18
What is the value of -9 + 22 - (149 - 51) - (2 + 10)?
-97
Evaluate 2 + 8 - (6 - (5 + -9 + 22)).
22
What is the value of 20 - (-13 - ((1 - 0) + -5 - (-29 - -32)))?
26
-7 + 0 + (-21 - (-13 - -26)) + -1 + 11
-31
What is -1 + 48 + (0 - (-12 - (16 - 37)))?
38
What is 11 - (31 - -2) - (23 + -55)?
10
Calculate -15 - (102 - (279 + -289 - (-1 - 4))) - -11.
-111
Calculate -13 + (1 + 1 - (-2 + 1) - (-14321 - -14337)).
-26
Calculate 6 + 12 + (0 - 1) + -54 + 13 + 51.
27
What is 36 + 17 + (-17 - -12) + 4 - (-3 - 3)?
58
What is the value of 1 + 19 - (-166 + 409 + -327)?
104
Calculate 17 + (7 - (-37 - -62)) + -15.
-16
Calculate 70 + 2 + 12785 + -12802.
55
Calculate -4 - (41 - 53) - (1 - 92).
99
What is 83 - (-41 + (-107 - -203))?
28
What is -9 + (13 + -106 - (-43 - -19))?
-78
Evaluate (4 - (2 - -3)) + -45 + (-7 - (-6 + -7)).
-40
Evaluate 85 + -71 + -8 + -2 + -2 + 39 + -2.
39
What is (6 - (9 - 4)) + (-9 + 21 - 12)?
1
114 + -114 + -3 + 25 - 71
-49
1 + 1 + -61 + 0 + (349241 - 349235)
-53
What is the value of -5 + (-20 - -5 - -12) + 28 - 5?
15
Evaluate 30 - (55 + -11) - 19.
-33
Calculate -2 - (-19 + 26 - -16) - 7.
-32
Evaluate (3 + 4 + -15 - (-2 + -9)) + 27 - -10.
40
(9 - 1 - (24 - 5 - 12)) + 23
24
Calculate -6 + 26 + (14 - 5 - 16).
13
What is 21 - 15 - (10 + 6 - 9) - 32?
-33
What is the value of -13 - (-264 - -269 - (1 - 1))?
-18
What is (1 - 26) + (-1146 - -1228)?
57
Evaluate 10 - 69 - -42 - -75.
58
Evaluate 3010 + -3014 - (3 - 3 - -34).
-38
What is the value of -2 + (231 + -194 - (11 + -3))?
27
-73 - (-3 + (-7 - -3) - (-35 + (17 - -19)))
-65
Calculate 64 + -39 + 20 - (17 + -6).
34
Evaluate -30 + 64 + (-203 - -114).
-55
What is 157 + (31 + -2 - 117)?
69
What is 337 - 283 - (2 - -70)?
-18
(-20 - (-2 - 0)) + 19 + -87 + 53
-33
What is the value of 2 + 1 - (-19 + (-16 - 18) + 4 + 2)?
50
Calculate (26 - 1) + -63 + (-80 - -142).
24
Evaluate -5 - (16 + 1 - (-66 + 94 + -72)).
-66
What is the value of -585 + 600 - (97 + (2 - -2))?
-86
What is -1 + -3 + -3 + 42 - (55 + -55)?
35
Calculate 45 + (-85 - -95) + -1 + -4 + -18.
32
-44 - (-74 + 4 - -31)
-5
Evaluate 13 - ((18 - (23 + -2)) + 20).
-4
Evaluate 50 + 0 - (513 - 440).
-23
What is the value of (29 + (-12 - -3) - 22) + -32?
-34
What is the value of (-38 - 0) + 10 + -12 + 5?
-35
What is -95 - (82 - 20 - 66)?
-91
Evaluate -79 - ((-122 - -90 - (2 + -24)) + 24).
-93
What is -2877 + 2869 + (-2 + -1 - -36)?
25
What is the value of (8 - (26 + -18) - (-2 - -3)) + -5 + 61?
55
What is 12 - (23 - 13 - -11) - (-10 + 1 + 1)?
-1
Calculate (-5 + (12 - 5) - -11) + (-74 - -29).
-32
Calculate (90 - -23) + -37 + -161.
-85
What is 35 + (6 - (-12 + (12 - -5) + (4 - 12)))?
44
Calculate (-11 - 40) + (429 - 423).
-45
What is the value of -1 + (-26 - -24) + 4 + 20?
21
Calculate 1 + (-12 - 48) - (-4 - 3).
-52
(164 - (-75 + 174)) + -40
25
Evaluate -12 - (-19 - (16 - 82) - -24).
-83
Calculate 2 + -8 - (-19 + 73 + -38) - (-8 + -1).
-13
0 + 141 + (-2058 - -1999)
82
What is -3 - ((0 - -1) + (-11 - 14))?
21
Calculate (-65 - 0 - (75 - 95)) + 7.
-38
Evaluate 18 + 15 + (-46 + 39 - 6) + 0 + 11.
31
What is -1 - 16 - (4 - (4 + 16) - (-436 + 411))?
-26
Calculate 50 + 1 + (10 + (6 - 17) + -9 - -6).
47
What is the value of (14 - -3 - 2) + -12 + -59 - 3?
-59
Evaluate -5 - (-45 + 1 + 1) - (-183 + 194).
27
Evaluate 40 - 21 - (71 - -22).
-74
Calculate 9 - ((54 - 42) + -3).
0
Evaluate (89 + -68 - (0 + 11)) + (3 - 62).
-49
What is 51 + -8 - (4 - (8 - -6)) - 13?
40
What is (2 - 35) + 19 + -31 + (2 - -16)?
-27
Calculate (-20 - -12) + 17 + 10 - -43.
62
Calculate 399 - 395 - (-2 - 1 - -6 - 5) - 22.
-16
Evaluate -15 - -1 - ((4 - 49) + (-137 - -112)).
56
-1 + (-14 - (-20 - -17)) - -18
6
24 + -13 - (-19 + 13 - 16)
33
(-3 - 15) + -2 - (104 + -129)
5
Evaluate ((6 - 21) + -8 - -49) + 18.
44
What is the value of -20 + 44 + -50 + 36 + (1 - 39)?
-28
What is the value of 41 - (-6 + 47 + -26)?
26
Evaluate (5 - -22) + (-27 - -4).
4
What is 389 + 